3 composite?
False
Is 1096703 a prime number?
True
Is 37 prime?
True
Is 3377 a composite number?
True
Is 121219 a composite number?
True
Is 72619 prime?
False
Is 47491 prime?
True
Is 1889557 composite?
True
Is 72997 composite?
False
Is 107435 a composite number?
True
Is 40301 a composite number?
True
Is 594663 composite?
True
Is 12007 a composite number?
False
Is 673327 composite?
False
Is 8453 a prime number?
False
Is 87251 a prime number?
True
Is 253133 a composite number?
False
Is 7235 a composite number?
True
Is 3353 a prime number?
False
Is 88169 prime?
True
Is 7001 prime?
True
Is 2557 a composite number?
False
Is 783613 a prime number?
True
Is 59054 a composite number?
True
Is 648623 a composite number?
True
Is 298153 a composite number?
False
Is 204791 composite?
False
Is 896417 a prime number?
True
Is 109859 prime?
True
Is 285049 a prime number?
True
Is 67477 a composite number?
False
Is 2149237 a composite number?
False
Is 49417 composite?
False
Is 87773 a prime number?
False
Is 61989 composite?
True
Is 360697 a composite number?
True
Is 734401 composite?
False
Is 398771 a prime number?
True
Is 2417 a prime number?
True
Is 15946715 a prime number?
False
Is 1009 composite?
False
Is 2371 composite?
False
Is 63277 a composite number?
False
Is 11365 a composite number?
True
Is 11213 a prime number?
True
Is 8188523 composite?
True
Is 122933 composite?
True
Is 58749 a composite number?
True
Is 21833 composite?
True
Is 12323 composite?
False
Is 7522 prime?
False
Is 1973 composite?
False
Is 27593 a composite number?
True
Is 11303 composite?
True
Is 1199309 a composite number?
False
Is 18947 a composite number?
False
Is 550453 a prime number?
False
Is 201997 prime?
True
Is 166033 composite?
True
Is 4553 a composite number?
True
Is 51743 composite?
True
Is 1417891 a prime number?
True
Is 237949 a composite number?
True
Is 305839 prime?
True
Is 3353 a composite number?
True
Is 5227 prime?
True
Is 6033 a composite number?
True
Is 2333 prime?
True
Is 118619 composite?
False
Is 59809 a composite number?
False
Is 91621 a prime number?
True
Is 21871 composite?
False
Is 5807 prime?
True
Is 4763 a prime number?
False
Is 4861 prime?
True
Is 2053 a prime number?
True
Is 104773 prime?
True
Is 1847 a prime number?
True
Is 102511 prime?
False
Is 100805 composite?
True
Is 952121 a composite number?
True
Is 4282 a prime number?
False
Is 111407 a composite number?
True
Is 6907 composite?
False
Is 8399 a composite number?
True
Is 150151 a composite number?
False
Is 147601 a prime number?
False
Is 949307 a prime number?
True
Is 25067 prime?
False
Is 1078639 prime?
False
Is 182159 prime?
True
Is 31099 a composite number?
True
Is 424811 composite?
False
Is 18709 a composite number?
True
Is 136621 prime?
True
Is 42697 composite?
False
Is 195329 composite?
False
Is 3607 a prime number?
True
Is 18947 a prime number?
True
Is 23889 composite?
True
Is 37817 composite?
True
Is 48053 composite?
True
Is 2469331 composite?
False
Is 625507 prime?
True
Is 864989 prime?
True
Is 2422559 a prime number?
True
Is 11279 prime?
True
Is 94087 a prime number?
False
Is 3622 prime?
False
Is 583 prime?
False
Is 618281 prime?
False
Is 161917 prime?
False
Is 25097 a composite number?
False
Is 5779 prime?
True
Is 25682 composite?
True
Is 30817 a prime number?
True
Is 159977 a composite number?
False
Is 278182 a prime number?
False
Is 442333 a prime number?
True
Is 95369 composite?
False
Is 63139 a prime number?
False
Is 5006 prime?
False
Is 5209 a prime number?
True
Is 18691 a composite number?
False
Is 28601 a prime number?
False
Is 12346 prime?
False
Is 3007 composite?
True
Is 20663 prime?
True
Is 39607 a composite number?
False
Is 2117 prime?
False
Is 598073 composite?
True
Is 1657 composite?
False
Is 87109 prime?
False
Is 3511 composite?
False
Is 32819 a composite number?
True
Is 209127 prime?
False
Is 47573 composite?
True
Is 49559 prime?
True
Is 1212598 prime?
False
Is 8419 prime?
True
Is 117803 a composite number?
True
Is 6598 a prime number?
False
Is 23251 prime?
True
Is 72107 composite?
True
Is 70197 a composite number?
True
Is 250769 a composite number?
True
Is 5163 a prime number?
False
Is 1858 a composite number?
True
Is 334387 composite?
False
Is 10859 prime?
True
Is 25139 a prime number?
False
Is 11657 a composite number?
False
Is 24593 a composite number?
False
Is 112621 a composite number?
False
Is 191 a prime number?
True
Is 17317 prime?
True
Is 6113 a composite number?
False
Is 4421 prime?
True
Is 38723 a composite number?
False
Is 24281 prime?
True
Is 263047 a composite number?
False
Is 122921 a composite number?
False
Is 8501 a composite number?
False
Is 999067 a composite number?
False
Is 20789 composite?
False
Is 1083395 prime?
False
Is 60007 prime?
False
Is 366547 a prime number?
True
Is 275019 composite?
True
Is 82591 composite?
False
Is 60589 a prime number?
True
Is 2336063 a composite number?
False
Is 66683 a prime number?
True
Is 192398 a composite number?
True
Is 1431547 prime?
False
Is 140909 a prime number?
True
Is 229393 composite?
False
Is 1801 a composite number?
False
Is 1793 a prime number?
False
Is 53129 a prime number?
True
Is 1357 a composite number?
True
Is 6455 a composite number?
True
Is 43657 composite?
True
Is 184463 a prime number?
True
Is 86977 composite?
True
Is 4559 a prime number?
False
Is 563 composite?
False
Is 92297 a composite number?
False
Is 5033 composite?
True
Is 9094 a composite number?
True
Is 157 a composite number?
False
Is 6803 prime?
True
Is 13951 prime?
False
Is 791939 a composite number?
True
Is 391331 prime?
True
Is 955091 a composite number?
False
Is 12631 a prime number?
False
Is 2305 composite?
True
Is 1643219 composite?
False
Is 46203 a prime number?
False
Is 224339 a prime number?
False
Is 78919 composite?
False
Is 167539 a composite number?
True
Is 24439 composite?
False
Is 10427 composite?
False
Is 18293 a prime number?
False
Is 131891 a prime number?
True
Is 85369 composite?
False
Is 149921 a prime number?
True
Is 472151 a prime number?
True
Is 10207 composite?
True
Is 51599 a prime number?
True
Is 252923 prime?
False
Is 346867 a prime number?
True
Is 21247 a prime number?
True
Is 1319609 a composite number?
False
Is 59951 a composite number?
False
Is 3761 a composite number?
False
Is 657863 prime?
True
Is 3241 composite?
True
Is 380413 composite?
True
Is 2767 composite?
False
Is 50041 a composite number?
True
Is 12287 a composite number?
True
Is 15307 a composite number?
False
Is 51767 a composite number?
False
Is 148793 a composite number?
False
Is 5813 composite?
False
Is 84866 prime?
False
Is 30781 prime?
True
Is 74521 a composite number?
False
Is 1363021 prime?
False
Is 257662 a prime number?
False
Is 1901 composite?
False
Is 441307 prime?
True
Is 2305 composite?
True
Is 16151 composite?
True
Is 3065 composite?
True
Is 74563 prime?
False
Is 189355 composite?
True
Is 7183 composite?
True
Is 86195 prime?
False
Is 43117 a prime number?
True
Is 1081 a composite number?
True
Is 56381 a prime number?
False
Is 1873061 composite?
True
Is 345749 a composite number?
False
Is 2317 composite?
True
Is 3265433 composite?
False
Is 205703 a prime number?
True
Is 294103 a composite number?
False
Is 95246 a composite number?
True
Is 32603 a prime number?
True
Is 24746 a composite number?
True
Is 1273 composite?
True
Is 420159 a composite number?
True
Is 2321 a composite number?
True
Is 120319 a composite number?
False
Is 7621 prime?
True
Is 230114 prime?
False
Is 1477 composite?
True
Is 25393 a composite number?
True
Is 26905 prime?
False
Is 65869 a composite number?
True
Is 72337 prime?
True
Is 948049 prime?
True
Is 6467 a composite number?
True
Is 633 a composite number?
True
Is 60589 prime?
True
Is 406347 prime?
False
Is 27961 a composite number?
False
Is 188029 a prime number?
True
Is 30826 a composite number?
True
Is 157627 a prime number?
True
Is 1594847 a prime number?
False
Is 489 prime?
False
Is 133541 prime?
True
Is 185863 composite?
True
Is 556309 composite?
True
Is 5939 a composite number?
False
Is 7591 composite?
False
Is 31453 prime?
False
Is 140159 a composite number?
False
Is 5926 prime?
False
Is 979 a prime number?
False
Is 15299 prime?
True
Is 4373 composite?
False
Is 4591 a prime number?
True
Is 45233 a comp